{"id":5050,"date":"2013-11-14T16:36:16","date_gmt":"2013-11-14T16:36:16","guid":{"rendered":"http:\/\/vistalindahotel.com.br\/novosite2\/?page_id=5050"},"modified":"2013-12-07T15:09:16","modified_gmt":"2013-12-07T15:09:16","slug":"lua-de-mel","status":"publish","type":"page","link":"https:\/\/vistalindahotel.com.br\/novosite2\/?page_id=5050","title":{"rendered":"Lua de Mel"},"content":{"rendered":"<div id='layer_slider_1' class='avia-layerslider main_color avia-shadow  avia-builder-el-0  el_before_av_textblock  avia-builder-el-first  container_wrap sidebar_right' style='  height: 151px;' ><\/div><div id='after_layer_slider_1' class='main_color av_default_container_wrap container_wrap sidebar_right' style=' '  ><div class='container' ><div class='template-page content  av-content-small alpha units'><div class='post-entry post-entry-type-page post-entry-5050'><div class='entry-content-wrapper clearfix'>\n<section class=\"av_textblock_section \"  itemscope=\"itemscope\" itemtype=\"https:\/\/schema.org\/CreativeWork\" ><div class='avia_textblock  '   itemprop=\"text\" ><p><a href=\"http:\/\/vistalindahotel.com.br\/novosite2\/wp-content\/uploads\/2013\/11\/CRW_3891.jpg\"><img loading=\"lazy\" class=\"size-medium wp-image-5051 alignleft\" style=\"margin: 10px;\" alt=\"CRW_3891\" src=\"http:\/\/vistalindahotel.com.br\/novosite2\/wp-content\/uploads\/2013\/11\/CRW_3891-300x300.jpg\" width=\"300\" height=\"300\" srcset=\"https:\/\/vistalindahotel.com.br\/novosite2\/wp-content\/uploads\/2013\/11\/CRW_3891-300x300.jpg 300w, https:\/\/vistalindahotel.com.br\/novosite2\/wp-content\/uploads\/2013\/11\/CRW_3891-150x150.jpg 150w, https:\/\/vistalindahotel.com.br\/novosite2\/wp-content\/uploads\/2013\/11\/CRW_3891-1024x1024.jpg 1024w\" sizes=\"(max-width: 300px) 100vw, 300px\" \/><\/a><br \/>\nVista Linda Hotel oferece o ambiente ideal para tornar o momento ainda mais especial e inesquec\u00edvel.<br \/>\nAproveite para ter momentos rom\u00e2nticos ao lado da pessoa amada.<br \/>\nEsse ser\u00e1 um momento \u00fanico em sua vida, ent\u00e3o curta ao m\u00e1ximo. Tendo como inspira\u00e7\u00e3o uma das mais belas reservas ecol\u00f3gicas do mundo, um clima agrad\u00e1vel e muito sossego.<\/p>\n<\/div><\/section>\n","protected":false},"excerpt":{"rendered":"","protected":false},"author":1,"featured_media":0,"parent":0,"menu_order":0,"comment_status":"closed","ping_status":"closed","template":"","meta":[],"_links":{"self":[{"href":"https:\/\/vistalindahotel.com.br\/novosite2\/index.php?rest_route=\/wp\/v2\/pages\/5050"}],"collection":[{"href":"https:\/\/vistalindahotel.com.br\/novosite2\/index.php?rest_route=\/wp\/v2\/pages"}],"about":[{"href":"https:\/\/vistalindahotel.com.br\/novosite2\/index.php?rest_route=\/wp\/v2\/types\/page"}],"author":[{"embeddable":true,"href":"https:\/\/vistalindahotel.com.br\/novosite2\/index.php?rest_route=\/wp\/v2\/users\/1"}],"replies":[{"embeddable":true,"href":"https:\/\/vistalindahotel.com.br\/novosite2\/index.php?rest_route=%2Fwp%2Fv2%2Fcomments&post=5050"}],"version-history":[{"count":7,"href":"https:\/\/vistalindahotel.com.br\/novosite2\/index.php?rest_route=\/wp\/v2\/pages\/5050\/revisions"}],"predecessor-version":[{"id":5587,"href":"https:\/\/vistalindahotel.com.br\/novosite2\/index.php?rest_route=\/wp\/v2\/pages\/5050\/revisions\/5587"}],"wp:attachment":[{"href":"https:\/\/vistalindahotel.com.br\/novosite2\/index.php?rest_route=%2Fwp%2Fv2%2Fmedia&parent=5050"}],"curies":[{"name":"wp","href":"https:\/\/api.w.org\/{rel}","templated":true}]}}